t i be r(t). Let b(h) = h + 5. Give b(i).
3
Suppose 4*d = 3*v - 17, 6*d - 25 = -3*v + 2*d. Let i(g) = 2 + 5 - g + 3 + 0. What is i(v)?
3
Suppose -4*b + 3 = x - 15, 0 = 2*x + b - 8. Let s(o) = 7009*o**2 - 7009*o**2 - 2*o**3 - x*o - 1. Suppose 7*v = -0 - 7. What is s(v)?
3
Suppose 4*l - i = -0*l + 8553, 2*i - 10688 = -5*l. Let s(v) = -l*v + 4 + 2141*v + 6*v**2 - 5*v**2. Calculate s(-5).
14
Let m(s) = -5*s + 4. Let w(b) = 2*b**2 - 2*b - 3. Let v be w(-1). Let k be (-5)/(5/v) - -5. Suppose k*a - 5*q = 7, 3*q + 5 = -4*a + 20. Calculate m(a).
-11
Let z(t) = t + 13. Let m(h) be the third derivative of -15*h**2 + 0*h + 2*h**3 + 0 + 1/24*h**4. Let w(b) = -3*m(b) + 2*z(b). Give w(-7).
-3
Let b(p) = 8 + 0 - p + 0. Let o(z) = -1. Suppose 6*n + 37 = 61. Let q(m) = n*o(m) + b(m). What is q(-4)?
8
Suppose -5*p + 275 = 5*g, 0 = 4*g - 63*p + 65*p - 214. Let c(b) = -17*b - 6 - 28*b + g*b. Calculate c(4).
22
Let c(g) = -g**2 - 21*g - 16. Let d(t) = -3*t**2 - 63*t - 49. Let w(v) = -7*c(v) + 2*d(v). Suppose -1460 = 7*b + 66*b. Give w(b).
-6
Let a(x) = 4*x + 2 + 56*x**2 - 55*x**2 - 2. Suppose 75 = -42*y + 27*y. Calculate a(y).
5
Suppose b - 4*a + 6 + 10 = 0, -4*a + 16 = 0. Let r be b/1*1*1. Let j(t) = 6 + t - 1 + r. What is j(-4)?
1
Let p(v) = 2*v**3 - 22*v**2 + 4*v - 10. Suppose -68155*d - 55 = -68160*d. Give p(d).
34
Let n(f) = -f**3 + 5*f**2 - 2*f + 2. Let r = 28 - 17. Suppose 9*x + 28 = r*x. Suppose -3*k + 5*b - x = 0, b = 4*k - 0*b - 4. Give n(k).
10
Let i(g) be the second derivative of g**6/120 + g**5/15 + 5*g**4/24 + g**3/2 + 34*g**2 - g - 8. Let u(o) be the first derivative of i(o). What is u(-3)?
-3
Let i(w) be the first derivative of -w**6/120 + w**5/30 + 5*w**4/24 - w**3/2 - 5*w**2/2 + 3*w - 13. Let x(z) be the second derivative of i(z). Determine x(4).
-15
Let c(w) = 3*w - 4. Suppose -3*k + 6*k + 18 = 0. Let d(p) = p**2 + 2*p - 24. Let q be d(k). Suppose -15 = -5*y - q. Give c(y).
5
Let k = 104 - 70. Let j = 30 - k. Let o(p) = 3 - 2*p + 4*p + p**2 + 2*p. What is o(j)?
3
Suppose 5805 + 13823 = -28*g. Let t = g - -702. Let v(w) = 17*w**3 - w**2. Determine v(t).
16
Let m = 18 + -19. Let y be ((-2)/2)/(4/(-32)*m). Let r = 11 + y. Let a(b) = b**3 - 4*b**2 + b - 1. Calculate a(r).
-7
Let j(s) = -4*s**3 - 4*s**2 - s + 2. Let q(u) = u**2 - 22*u + 122. Let m be q(12). Let k be (56/21 - m)/((-1)/3). Determine j(k).
20
Suppose -8*q - 109 + 101 = 0. Let h(f) = 2*f - 10. Let w(b) = 3*b - 16. Let k(l) = -10*h(l) + 6*w(l). What is k(q)?
6
Let d be -1 - (2 + 5)*-2. Let b(t) = -6. Let k(i) = -i + 21. Let o(u) = -2*b(u) - k(u). Determine o(d).
4
Let f(z) = 366*z - 6. Let n(i) = 30*i. Let o(h) = -3*f(h) + 36*n(h). Determine o(2).
-18
Let w(s) = 12*s**2 + 239*s - 16. Let p be w(-20). Let t(v) = -16*v + 78. Calculate t(p).
14
Let p(u) be the second derivative of u**3/2 + 6*u**2 + 3*u + 55. Determine p(-5).
-3
Let w be ((-8)/(-4) - -1)*(-5 + 38). Suppose 93*d = w*d + 24. Let y(o) = o**3 + 5*o**2 + o - 2. Determine y(d).
10
Let h(b) be the first derivative of -b**4/4 + 4*b**3/3 + 3*b**2 + 4*b - 1. Suppose -11*g + 9*g + 414 = 0. Let t = g - 202. Determine h(t).
9
Let t(j) = -21*j + 31. Let w(x) = 15*x - 31. Let g(z) = -2*t(z) - 3*w(z). What is g(17)?
-20
Let h(o) = o**3 + 7*o**2 + 4*o - 4. Suppose -18*l = -23*l. Suppose 0 = -a - 5*j - 31, -a + l*a = -2*j - 4. Determine h(a).
8
Let c be ((-15)/(-12) - 3)*2/(-7). Let t(w) be the second derivative of 1/10*w**5 + c*w**3 + 0 - 29*w + w**2 + 1/3*w**4. Calculate t(-2).
-4
Let l(i) be the first derivative of i - 3. Let g(m) be the third derivative of m**4/24 - 11*m**3/6 + 9*m**2. Let b(o) = g(o) + 2*l(o). Calculate b(0).
-9
Let s(t) = t**2 + 3*t + 9. Let k(u) = u - 1. Let v(c) = 5*k(c) + s(c). Let i(g) = -g**3 + 17*g**2 - g + 11. Let m = -4 - -21. Let o be i(m). Calculate v(o).
-8
Suppose 2*n + 6 = 2*z, 2*z + 6 = 6*z - n. Let y(r) = 23*r - 4 - z - 25*r. Determine y(-5).
5
Let w(z) = -5 + z**2 + 2*z + 3 - 2. Let c be w(-2). Let h be (-10)/5 - 0 - c. Let b(r) = -r**3 - r**2 + 2*r. What is b(h)?
-8
Let z(d) = -20 + 28 - 47*d - 36 + 49*d. What is z(21)?
14
Let g(w) = -w**2 - 7*w + 14. Let r(n) = -46*n - 468. Let k be r(-10). Calculate g(k).
6
Let v(k) = 3*k**2 + 28*k - 14. Suppose 14*l = -10 - 60. Let i(c) = -2*c**2 - 19*c + 10. Let z(r) = l*v(r) - 7*i(r). What is z(-6)?
6
Let i(j) = -5*j**3 + j**2 - 47*j - 28. Let w(h) = -11*h**3 + 3*h**2 - 106*h - 61. Let c(d) = -9*i(d) + 4*w(d). Give c(-4).
-4
Let p(g) = -5*g**3 + 4*g**2 + 4*g + 4. Let x be p(-3). Let t = -147 + x. Let j(b) = t*b + 13*b + 19*b - 47*b - 12. Determine j(6).
-6
Let f(m) = -542*m - 1617. Let v be f(-3). Let c(t) = 4 - t**2 + 3*t + 3 + 6 + 4*t. Let z(g) = 2*g**2 - 14*g - 25. Let h(d) = -5*c(d) - 3*z(d). Determine h(v).
-8
Let v be -8 - 66/(-8) - (-344)/32. Let b(d) = -d**2 + d + 115. Calculate b(v).
5
Let v = -8130 + 8132. Let d(n) be the first derivative of -n**4/4 + n**2/2 - n - 6. Calculate d(v).
-7
Let j(a) = -9*a**2 - 23*a + 14. Let l be j(-3). Let h(o) = -3*o**3 + 7*o**2 - 5*o + 1. What is h(l)?
-5
Let p(i) = -i. Let a(l) = -2*l + 14. Let n(r) = -a(r) + 5*p(r). Suppose 19*f = 76*f + 570. Give n(f).
16
Let z be 8/((-30)/7 - 152/(-38)). Let n(u) = -2*u - 48. What is n(z)?
8
Let u(f) = 6*f - 30. Let w be u(2). Let o(p) = -p**2 - 17*p + 13. What is o(w)?
-5
Let c = -1099 - -1096. Let r(n) = -4*n**2 + 11*n - 5. Let s(p) = 2 - 6 + 11*p - 3*p**2 - 2. Let u(y) = c*s(y) + 2*r(y). Calculate u(7).
-20
Let i(l) be the second derivative of -l**7/420 - l**6/120 + l**5/60 - l**4/12 - 15*l**3 - 3*l - 6. Let s(u) be the second derivative of i(u). Give s(2).
-26
Suppose 0 = -3*h + 2*y - 3, 3*h - 7*h + 4*y = 0. Suppose 4 + 0 = 2*i. Let z(o) = -2 - 4*o**2 + 4*o**2 + 3*o**i - o**2. Give z(h).
16
Let i(j) = j + 12. Suppose -2*k = 3*m - 8, m - 16 = 2*m - 4*k. Let o(z) = z - 4*z**2 + 21*z**2 + z**3 - 2*z - 7 + 0*z - 18*z**2. Let r be o(m). Give i(r).
5
Let n = -98 + 96. Let l(c) = -4*c - 1. Let y(i) = 9*i - 15. Let m(g) = n*l(g) - y(g). Calculate m(7).
10
Let a(m) = -3*m - 39. Suppose 991 - 111 = 11*x. Suppose 91 = -87*f + x*f. Give a(f).
0
Let l(h) = h**3 + 3*h**2 - h - 5. Let q = 3526 + -3529. Determine l(q).
-2
Let q(o) = o + 3012*o**3 - 5*o + 15 - 3013*o**3 + 6*o**2. Let c be q(6). Let y(j) = 2*j + 9. Determine y(c).
-9
Let x(s) = -4 - 5 + 377346*s - 377347*s. What is x(-17)?
8
Let r(i) be the second derivative of -3*i**4/2 - i**3/3 + i**2 - 94*i. Determine r(1).
-18
Let z(s) be the third derivative of -s**4/3 - 85*s**3/6 - 10*s**2 + 24*s + 1. Give z(-7).
-29
Let v = 88285 + -88294. Let b(u) be the third derivative of -u**4/24 - u**3 + u**2. Calculate b(v).
3
Let z(f) = 2*f**2 - f + 3. Let h(q) = q - 1. Let i be 2*-1*(-3 + 1). Suppose -i*v + 18 = n, -4 = 2*n - v + 5. Let c(b) = n*h(b) - z(b). Calculate c(-1).
-2
Suppose 7 = -p + 2*g, -2*g + 9 + 4 = -3*p. Let o(r) = 88*r + 1. Let a(k) = -265*k - 4. Let f(t) = a(t) + 3*o(t). Give f(p).
2
Let a(j) = j**3 - 17*j**2 - 16*j - 59. Let m be a(18). Let s(u) = -3*u**2 - 66*u + 70. Calculate s(m).
1
Let y(z) = 36*z**3 - 2*z**2 + 11*z - 9. Let u(s) = 18*s**3 - s**2 + 5*s - 4. Let f(g) = -7*u(g) + 3*y(g). Suppose v + 9 = -3*m, -18*v + 12*v = 72. What is f(m)?
-18
Let o(m) = -m**3 - m**2 - 4*m. Let z(c) = -7*c**3 - 12*c**2 - 28*c + 16. Let t(w) = 6*o(w) - z(w). What is t(-5)?
-11
Let i(m) = -m**2 - 3*m + 2126 - 2*m**2 - 2120. Give i(0).
6
Let x(w) be the first derivative of -w**4/4 - 10*w**3/3 - 13*w**2/2 - 30*w + 8576. Calculate x(-9).
6
Let j(n) = -n + 6. Let o(c) = -4*c + 42. Let a(f) = -5*j(f) + o(f). Determine a(-6).
6
Let q(b) = -b**2 - 6*b + 2. Let g(m) = -m**2 - 7*m. Let u(y) = -5*g(y) + 4*q(y). Calculate u(-10).
-2
Suppose 4*j = h + 2, 5*j + 16 = -2*h + 12. Suppose y - v = 4, j = y - 3*y - 3*v - 2. Let i(p) = -3*p + 5. Give i(y).
-1
Let b = -3520 + 3527. Let f(o) = -o**2 + 13*o - 32. Calculate f(b).
10
Let z be (8/2)/((-44)/(-88)). Let n(s) = 6*s + 1. Let l(r) = r. Let c(j) = 5*l(j) - n(j). Calculate c(z).
-9
Let h(l) be the first derivative of -l**5/60 + 5*l**4/24 + l**3 + 29*l**2/2 + 2*l - 90. Let f(k) be the second derivative of h(k). Determine f(8).
-18
Let q(k) be the third derivative of 0*k + 1/60*k**5 + 0 - 1/3*k**4 - 19/6*k**3 + 34*k**2. Give q(10).
1
Let m = -29732 - -29735. Let w(y) = 6*y**2 - 21*y + 17. Determine w(m).
8
Suppo